{"id":139,"date":"2024-09-22T16:57:41","date_gmt":"2024-09-22T14:57:41","guid":{"rendered":"https:\/\/paroleencorps.fr\/?page_id=139"},"modified":"2024-09-23T16:09:18","modified_gmt":"2024-09-23T14:09:18","slug":"lexpression-clownesque","status":"publish","type":"page","link":"https:\/\/paroleencorps.fr\/index.php\/les-ateliers-de-mediation-artistique\/lexpression-clownesque\/","title":{"rendered":"L\u2019expression clownesque"},"content":{"rendered":"\n<p><\/p>\n\n\n\n<p>Le travail sur le clown que nous proposons dans nos ateliers se distingue du personnage de cirque tr\u00e8s grim\u00e9 dont nous avons tous la r\u00e9f\u00e9rence. Il s\u2019agit plut\u00f4t ici d\u2019essayer de faire \u00e9merger un personnage de fiction au langage universel, qui nous touche car il puise aux sources de l\u2019enfance et de l\u2019\u00catre.&nbsp;<\/p>\n\n\n\n<p>Ce clown peut se montrer faible et inadapt\u00e9, et n\u2019en est pas rejet\u00e9 pour autant car il est attachant de par son authenticit\u00e9, son optimisme, sa g\u00e9n\u00e9rosit\u00e9 et sa na\u00efvet\u00e9. Chacun peut s\u2019y reconna\u00eetre parce qu\u2019il est profond\u00e9ment humain. Il s\u2019engage dans la relation avec ses partenaires, le public, l\u2019espace et les objets. Il est joueur, inventif, anticonformiste, spontan\u00e9 et tr\u00e8s authentique.<\/p>\n\n\n\n<p>Le travail du clown ouvre donc un<strong> espace potentiel<\/strong> <strong>pour \u00eatre libre<\/strong> malgr\u00e9 les chutes, les maladresses, les malheurs\u2026 en de\u00e7\u00e0 ou au-del\u00e0 des conventions et des contraintes.<\/p>\n\n\n\n<p>Dans nos ateliers de clown-th\u00e9\u00e2tre, nous travaillons dans un climat de confiance qui permet \u00e0 chacun de d\u00e9velopper son expressivit\u00e9, son imaginaire et ses \u00e9motions pour nourrir son acteur et donner vie \u00e0 un personnage de clown unique.<\/p>\n\n\n\n<p>Nous empruntons un chemin d\u2019ouverture au jeu, \u00e0 la rencontre, \u00e0 la relation par l\u2019expression du corps, \u00e0 l\u2019importance du regard et de l\u2019\u00e9coute menant \u00e0 l\u2019improvisation th\u00e9\u00e2trale pour clore par un \u00ab retour \u00bb visant \u00e0 poser des paroles sur le jeu sc\u00e9nique.<\/p>\n\n\n\n<p>Les acteurs deviennent personnages clown, ils portent le nez rouge (appel\u00e9 <em>le plus petit masque du monde<\/em>) et pratiquent l\u2019improvisation en jouant avec ce qu\u2019ils sont. Dans le jeu de l\u2019improvisation les acteurs ne savent pas ce qu\u2019ils vont jouer, ils tissent le jeu en s\u2019appuyant sur la r\u00e9f\u00e9rence du lieu, du moment, des enjeux rep\u00e9r\u00e9s et de ce qui survient et le donnent \u00e0 vivre au public par le regard.<\/p>\n\n\n\n<p>Travailler le clown, c\u2019est retrouver l\u2019\u00e9tat d\u2019ouverture et de libert\u00e9 de l\u2019enfance avec ses r\u00eaves, ses peurs, ses joies et sa folie, qui peut contribuer \u00e0 transformer certains blocages gr\u00e2ce \u00e0 une prise de distance fond\u00e9e sur l\u2019humour, le non-jugement et la g\u00e9n\u00e9rosit\u00e9.<\/p>\n\n\n\n<p class=\"has-text-align-right\"><em><a href=\"https:\/\/paroleencorps.fr\/index.php\/les-ateliers-de-mediation-artistique\/lexpression-vocale\/\" data-type=\"page\" data-id=\"145\">l&rsquo;expression vocale<\/a><\/em> ><\/p>\n\n\n\n<p class=\"has-text-align-left\">&lt; <em><a href=\"https:\/\/paroleencorps.fr\/index.php\/les-ateliers-de-mediation-artistique\/lexpression-theatrale\/\" data-type=\"page\" data-id=\"141\">l&rsquo;expression th\u00e9\u00e2trale<\/a><\/em><\/p>\n\n\n\n<p class=\"has-text-align-left\"><\/p>\n\n\n\n<p><\/p>\n","protected":false},"excerpt":{"rendered":"<p>Le travail sur le clown que nous proposons dans nos ateliers se distingue du personnage de cirque tr\u00e8s grim\u00e9 dont nous avons tous la r\u00e9f\u00e9rence. Il s\u2019agit plut\u00f4t ici d\u2019essayer de faire \u00e9merger un personnage de fiction au langage universel, qui nous touche car il puise aux sources de l\u2019enfance et de l\u2019\u00catre.&nbsp; Ce clown [&hellip;]<\/p>\n","protected":false},"author":2,"featured_media":0,"parent":137,"menu_order":0,"comment_status":"closed","ping_status":"closed","template":"","meta":{"footnotes":""},"class_list":["post-139","page","type-page","status-publish","hentry"],"_links":{"self":[{"href":"https:\/\/paroleencorps.fr\/index.php\/wp-json\/wp\/v2\/pages\/139","targetHints":{"allow":["GET"]}}],"collection":[{"href":"https:\/\/paroleencorps.fr\/index.php\/wp-json\/wp\/v2\/pages"}],"about":[{"href":"https:\/\/paroleencorps.fr\/index.php\/wp-json\/wp\/v2\/types\/page"}],"author":[{"embeddable":true,"href":"https:\/\/paroleencorps.fr\/index.php\/wp-json\/wp\/v2\/users\/2"}],"replies":[{"embeddable":true,"href":"https:\/\/paroleencorps.fr\/index.php\/wp-json\/wp\/v2\/comments?post=139"}],"version-history":[{"count":3,"href":"https:\/\/paroleencorps.fr\/index.php\/wp-json\/wp\/v2\/pages\/139\/revisions"}],"predecessor-version":[{"id":303,"href":"https:\/\/paroleencorps.fr\/index.php\/wp-json\/wp\/v2\/pages\/139\/revisions\/303"}],"up":[{"embeddable":true,"href":"https:\/\/paroleencorps.fr\/index.php\/wp-json\/wp\/v2\/pages\/137"}],"wp:attachment":[{"href":"https:\/\/paroleencorps.fr\/index.php\/wp-json\/wp\/v2\/media?parent=139"}],"curies":[{"name":"wp","href":"https:\/\/api.w.org\/{rel}","templated":true}]}}